tor of 14 and r?
2
Let i = -7 + 13. Suppose -56 = -5*m - 11. Suppose 3*y - m = 189. What is the highest common divisor of i and y?
6
Let n be (-99)/(-21) - (-10)/35. Let a(z) = 10*z**2 - 3*z + 4 - z + 0*z. Let i be a(n). What is the greatest common divisor of 26 and i?
26
Suppose 2*a = -2*a + 176. Suppose -90*r - 8 = -92*r. Calculate the highest common divisor of r and a.
4
Let j(p) = p**3 - 2*p**2 + 3. Let o be j(5). Calculate the highest common factor of o and 117.
39
Suppose u = 29 - 37. Let b = -4 - u. What is the greatest common factor of 2 and b?
2
Let g(u) = 7*u + 5. Let p(a) = -a. Suppose 2*w = w + 3. Let o(m) = w*p(m) + g(m). Let d be o(2). What is the greatest common divisor of d and 39?
13
Let w(m) = 30*m - 48. Let r be w(10). What is the greatest common factor of r and 4?
4
Let u be ((-1)/6 - (-17)/(-51))*-28. What is the greatest common factor of u and 70?
14
Let y = -1635 - -1669. Calculate the greatest common divisor of y and 391.
17
Let x = 128 + -83. Let u be (26/(-6) + 4)*-15. What is the highest common factor of x and u?
5
Suppose 5*o - 60 = -5*v, o + 13 = -3*v + 45. What is the highest common divisor of v and 35?
5
Suppose 0 = 19*b - 72 + 15. Let g(k) = -4*k**3 - 3*k + 3*k**3 + 6*k + 2*k**2 + 4. Let l be g(b). What is the greatest common factor of l and 36?
4
Suppose -16 = -4*m, 0 = -4*z + 3*m - m + 728. Calculate the greatest common factor of 8 and z.
8
Suppose -3*z = -24 - 36. Let p = z - -28. What is the highest common divisor of 12 and p?
12
Let x be (-13 - -2)/(2/(-10)). Let l be ((-45)/(-4))/((16/4)/(-16)). Let m = l - -56. Calculate the highest common divisor of m and x.
11
Let x be 0*(3 - 21/6). Suppose 0 = 3*c - 5*v - 32, 0*c - 4*c - 2*v + 60 = x. What is the highest common factor of 98 and c?
14
Suppose 0 = -4*m + 5*m - 30. Let o(i) = 4*i**2 + 3*i. Suppose 2*k + 9 = 5. Let h be o(k). What is the highest common divisor of m and h?
10
Let w be 388/20 - 4/10. Let f = 33 - w. What is the highest common divisor of f and 126?
14
Let y(m) = -m - 8. Let a be y(-7). Let n be 1/(((-1)/a)/1). Suppose -4*x + 86 - 33 = v, n = v. Calculate the greatest common factor of 13 and x.
13
Let p(x) = 24*x**3 - x**2 + 4*x - 3. Let u be p(1). What is the greatest common divisor of u and 180?
12
Let p(b) = -2*b + 3. Let o be p(8). Let y be ((-11)/4)/(o/156). What is the greatest common divisor of 132 and y?
33
Let q(a) = 3*a**2 + 3*a - 3. Let k = 6 - 4. Let i be q(k). What is the greatest common factor of 135 and i?
15
Suppose 5*w - 9 - 8 = -z, -z - 2*w + 8 = 0. Let c be (z - 0)/(-3 + 4). Let j = c - -9. Calculate the highest common factor of j and 88.
11
Let x(c) = 2*c**2 + 12*c - 8. Let b be x(-7). Suppose 2*n - b = -0*n. Let v be ((-6)/(-3) - -229) + n. What is the greatest common factor of v and 26?
26
Suppose 4*o = -2*s + 142, 0*s = 4*s - 12. Suppose -o - 62 = -8*a. Calculate the greatest common divisor of a and 4.
4
Let p be 8612/28 - 18/(-42). What is the greatest common factor of 11 and p?
11
Let f be (-1 - (-6)/4)*32. Suppose -98*n - 368 = -102*n. Let y = 132 - n. What is the greatest common divisor of y and f?
8
Suppose d = 13 - 32. Let j = -15 - d. Calculate the greatest common divisor of 44 and j.
4
Suppose 2*j = -40 + 112. What is the greatest common divisor of 252 and j?
36
Let u(o) = -4*o + 1. Let k be u(-1). Let w = -335 - -337. Calculate the highest common factor of w and k.
1
Suppose 2*a - 146 = 2*z, 299 = -4*z - 8*a + 5*a. Let u = z - -84. What is the highest common factor of u and 40?
10
Suppose -3*s + 5 + 16 = 0. Suppose -y + 11 = 19. Let m be y/(-10) + (-1212)/(-60). Calculate the highest common divisor of s and m.
7
Let l = 12 + -11. Suppose -3*r + l = -11. Suppose -42 - 30 = -r*a. What is the highest common factor of a and 27?
9
Suppose -72 = -3*p + 21. Let i(n) = n**3 - 13*n**2 - 51*n - 10. Let w be i(17). What is the highest common divisor of w and p?
31
Let b = -74 - -76. Let q be (-2)/b*-11 - (-1 - 3). Let p be (12/5)/((-2)/(-25)). What is the greatest common divisor of p and q?
15
Suppose -1280*d - 56 = -1284*d. Calculate the greatest common divisor of d and 2.
2
Let b = 1208 - 309. What is the greatest common factor of 29 and b?
29
Let y be (112/105*9)/(6/20). What is the highest common divisor of y and 432?
16
Let k = 23 + 29. Suppose 3*h + 4*b - k = -0*h, -h + 15 = -b. Let t = 29 + -13. Calculate the greatest common divisor of t and h.
16
Suppose 72 = 2*z - 0*z. Suppose -f - 3 = 3*l - 19, -f - 9 = -2*l. Let j be ((-15)/(-4))/(f/24). Calculate the greatest common divisor of z and j.
18
Let a(f) = 3*f**2 - 3*f + 9. Let p be a(-5). Let g = p + -65. Let x = g - -11. Calculate the greatest common divisor of x and 15.
15
Let i(b) = -b. Let m be i(-8). Suppose -4*a = -m*a. Let n be (-32)/(-16) + (-1 - a). Calculate the highest common factor of n and 3.
1
Let i = -2329 - -2345. Let q be 1/(-3)*-2*72. What is the highest common factor of q and i?
16
Let h = 72 + -38. What is the highest common factor of h and 238?
34
Suppose -2*v = 3*v - 15. Let y(u) = 3*u**2 - 5*u + 3. Let j be y(v). Calculate the greatest common divisor of 135 and j.
15
Suppose -79*x + 644 = -72*x. Calculate the greatest common divisor of 46 and x.
46
Suppose 0 = -2*a + 242 - 58. Let m(y) = y**3 - 6*y**2 - 5*y + 9. Suppose 4*n = 2*n + 14. Let f be m(n). Calculate the highest common factor of a and f.
23
Let k be (2 - 0)/((-4)/(-42)). Calculate the highest common factor of k and 56.
7
Let g be (7*(-8 + 2))/((-26)/(-117)). Let n = 439 + g. Calculate the greatest common divisor of n and 25.
25
Let w be 760/18 + 4/(-18). Suppose 4*f = -20, 2*f - 7 = 5*c - w. What is the greatest common factor of c and 35?
5
Suppose -2*x = -x. Suppose -3*v + 5*v - 16 = x. Let b(t) = t + 4. Let n be b(v). What is the highest common factor of 96 and n?
12
Suppose -3*p + 618 = 606. What is the greatest common divisor of p and 34?
2
Let c be (11 + -12)/((-2)/4). Suppose -c*t = -33 + 3. Calculate the greatest common divisor of t and 3.
3
Let w = 74 + -54. Suppose -p - l - l = -w, 5*l - 61 = -3*p. What is the greatest common factor of p and 33?
11
Let o(f) = 155*f + 942. Let s be o(-6). What is the highest common factor of 564 and s?
12
Let j = -1216 + 1821. Calculate the highest common factor of j and 5.
5
Let v be -43 + 28 + 258 + -1. Suppose -44 = 2*a - 4*a. What is the greatest common divisor of a and v?
22
Suppose -8 = -2*u - 2*u. Let y be 2/((-2)/((-4)/u)). Suppose 0 = 4*c - 5*t - 997, y*t + t = -3*c + 768. Calculate the highest common factor of 23 and c.
23
Suppose -34 = -m + 2. Calculate the greatest common factor of m and 18.
18
Let s = 224 + 28. Calculate the greatest common factor of s and 336.
84
Let j(r) be the first derivative of -5*r**4/4 - r**2 - 4*r + 20. Let z be j(-2). Calculate the greatest common divisor of 100 and z.
20
Suppose 3 = p - 0. Suppose p*k - k = 28. Let g(s) = 5*s - 7. Let f be g(k). Calculate the highest common divisor of 9 and f.
9
Suppose -2*r + 7*i = 2*i - 177, 0 = -r - 3*i + 72. Let j = -78 + r. What is the highest common factor of 24 and j?
3
Suppose -10*o - 31 = -151. Let t = o + 12. Calculate the greatest common factor of 264 and t.
24
Let b be (-620)/(-3) + 1 - (-52)/(-78). What is the greatest common divisor of b and 9?
9
Let j be 4/(-12)*-3*14. Let h be (-1)/(0 - 3/(-321)). Let u = -72 - h. Calculate the highest common divisor of u and j.
7
Let f(i) = 2*i + 10. Let h be f(-7). Let r(t) = -4*t - 4. Let b be r(h). Let s be ((-240)/(2 - -3))/(4/(-2)). Calculate the highest common divisor of s and b.
12
Let d = -28 - -38. Let q(o) = -12*o**2 + 11*o**2 + 14*o + 0 - d. Let r be q(10). What is the highest common divisor of 90 and r?
30
Suppose 129 = -3*w + 186. Suppose t + k = 60, -2*k - 279 = 4*t - 9*t. What is the greatest common divisor of t and w?
19
Let j = 2 + 5. Let l = 159 + -282. Let a = -60 - l. Calculate the greatest common factor of a and j.
7
Let q = -9 - -21. Suppose 4*n + 2*n - q = 0. What is the highest common divisor of 5 and n?
1
Suppose 0 = -29*o + 3817 - 772. Calculate the greatest common divisor of o and 2310.
105
Let p be (4 - 6)/((-6)/(-36)). Let y(m) = 11*m**2 + m**3 - 12 + m**2 - 5 - 9*m. Let s be y(p). Calculate the highest common divisor of s and 13.
13
Let g be (-2)/((12/8)/(-3)). Suppose -2*x + c = -g*c +